{"id":4735,"date":"2021-03-28T23:25:06","date_gmt":"2021-03-28T21:25:06","guid":{"rendered":"http:\/\/dstg-hessen.de\/cms\/?page_id=4735"},"modified":"2024-04-19T10:06:03","modified_gmt":"2024-04-19T08:06:03","slug":"start-4-2","status":"publish","type":"page","link":"https:\/\/dstg-hessen.de\/cms\/?page_id=4735","title":{"rendered":"DSTG-TV"},"content":{"rendered":"\t\t<div data-elementor-type=\"wp-page\" data-elementor-id=\"4735\" class=\"elementor elementor-4735\">\n\t\t\t\t\t\t\t\t\t<section class=\"elementor-section elementor-top-section elementor-element elementor-element-5ca9fab1 elementor-section-stretched elementor-section-boxed elementor-section-height-default elementor-section-height-default\" data-id=\"5ca9fab1\" data-element_type=\"section\" data-settings=\"{&quot;stretch_section&quot;:&quot;section-stretched&quot;,&quot;background_background&quot;:&quot;classic&quot;}\">\n\t\t\t\t\t\t<div class=\"elementor-container elementor-column-gap-default\">\n\t\t\t\t\t<div class=\"elementor-column elementor-col-100 elementor-top-column elementor-element elementor-element-37008e83\" data-id=\"37008e83\" data-element_type=\"column\">\n\t\t\t<div class=\"elementor-widget-wrap elementor-element-populated\">\n\t\t\t\t\t\t\t\t<div class=\"elementor-element elementor-element-dcc6cf2 elementor-widget elementor-widget-heading\" data-id=\"dcc6cf2\" data-element_type=\"widget\" data-widget_type=\"heading.default\">\n\t\t\t\t<div class=\"elementor-widget-container\">\n\t\t\t<h3 class=\"elementor-heading-title elementor-size-default\">Aktuelle Videos <\/h3>\t\t<\/div>\n\t\t\t\t<\/div>\n\t\t\t\t<div class=\"elementor-element elementor-element-7c16d60 elementor-widget elementor-widget-text-editor\" data-id=\"7c16d60\" data-element_type=\"widget\" data-widget_type=\"text-editor.default\">\n\t\t\t\t<div class=\"elementor-widget-container\">\n\t\t\t\t\t\t\t<p>Hier finden Sie eine Auswahl aktueller Videos, mit denen die DSTG Hessen ihre vielf\u00e4ltigen gewerkschaftlichen, gewerkschaftspolitischen und gesellschaftlichen Aktivit\u00e4ten dokumentiert. Viel Spa\u00df beim Anschauen!<\/p>\t\t\t\t\t\t<\/div>\n\t\t\t\t<\/div>\n\t\t\t\t<div class=\"elementor-element elementor-element-d3d246a elementor-aspect-ratio-169 elementor-widget elementor-widget-video\" data-id=\"d3d246a\" data-element_type=\"widget\" data-settings=\"{&quot;youtube_url&quot;:&quot;https:\\\/\\\/www.youtube.com\\\/watch?v=PM6CXNuvRPU&quot;,&quot;video_type&quot;:&quot;youtube&quot;,&quot;controls&quot;:&quot;yes&quot;,&quot;aspect_ratio&quot;:&quot;169&quot;}\" data-widget_type=\"video.default\">\n\t\t\t\t<div class=\"elementor-widget-container\">\n\t\t\t\t\t<div class=\"elementor-wrapper elementor-fit-aspect-ratio elementor-open-inline\">\n\t\t\t<div class=\"elementor-video\"><\/div>\t\t<\/div>\n\t\t\t\t<\/div>\n\t\t\t\t<\/div>\n\t\t\t\t<div class=\"elementor-element elementor-element-02d25f0 elementor-widget elementor-widget-image\" data-id=\"02d25f0\" data-element_type=\"widget\" data-widget_type=\"image.default\">\n\t\t\t\t<div class=\"elementor-widget-container\">\n\t\t\t\t\t\t\t\t\t\t\t\t<figure class=\"wp-caption\">\n\t\t\t\t\t\t\t\t\t\t\t<a href=\"https:\/\/www.1730live.de\/warnstreik-im-oeffentlichen-dienst-in-hessen\/\">\n\t\t\t\t\t\t\t<img width=\"1024\" height=\"574\" src=\"https:\/\/dstg-hessen.de\/cms\/wp-content\/uploads\/2024\/03\/SAT-1-Demo-Darmstadt-1024x574.png\" class=\"attachment-large size-large\" alt=\"\" loading=\"lazy\" srcset=\"https:\/\/dstg-hessen.de\/cms\/wp-content\/uploads\/2024\/03\/SAT-1-Demo-Darmstadt-1024x574.png 1024w, https:\/\/dstg-hessen.de\/cms\/wp-content\/uploads\/2024\/03\/SAT-1-Demo-Darmstadt-300x168.png 300w, https:\/\/dstg-hessen.de\/cms\/wp-content\/uploads\/2024\/03\/SAT-1-Demo-Darmstadt-768x431.png 768w, https:\/\/dstg-hessen.de\/cms\/wp-content\/uploads\/2024\/03\/SAT-1-Demo-Darmstadt-1536x862.png 1536w, https:\/\/dstg-hessen.de\/cms\/wp-content\/uploads\/2024\/03\/SAT-1-Demo-Darmstadt-350x196.png 350w, https:\/\/dstg-hessen.de\/cms\/wp-content\/uploads\/2024\/03\/SAT-1-Demo-Darmstadt.png 1690w\" sizes=\"(max-width: 1024px) 100vw, 1024px\" \/>\t\t\t\t\t\t\t\t<\/a>\n\t\t\t\t\t\t\t\t\t\t\t<figcaption class=\"widget-image-caption wp-caption-text\">Warnstreik im \u00f6ffentlichen Dienst in Hessen<\/figcaption>\n\t\t\t\t\t\t\t\t\t\t<\/figure>\n\t\t\t\t\t\t\t\t\t<\/div>\n\t\t\t\t<\/div>\n\t\t\t\t<div class=\"elementor-element elementor-element-a91b87e elementor-widget elementor-widget-text-editor\" data-id=\"a91b87e\" data-element_type=\"widget\" data-widget_type=\"text-editor.default\">\n\t\t\t\t<div class=\"elementor-widget-container\">\n\t\t\t\t\t\t\t<iframe loading=\"lazy\" width=\"560\" height=\"480\" src=\"https:\/\/www.youtube-nocookie.com\/embed\/4PStqVb9LwA?si=G0PNHDDTqwYYAV4S\" title=\"YouTube video player\" frameborder=\"0\" allow=\"accelerometer; autoplay; clipboard-write; encrypted-media; gyroscope; picture-in-picture; web-share\" allowfullscreen><\/iframe>\n\t\t\t\t\t\t<\/div>\n\t\t\t\t<\/div>\n\t\t\t\t<div class=\"elementor-element elementor-element-671292a elementor-widget elementor-widget-text-editor\" data-id=\"671292a\" data-element_type=\"widget\" data-widget_type=\"text-editor.default\">\n\t\t\t\t<div class=\"elementor-widget-container\">\n\t\t\t\t\t\t\t<iframe loading=\"lazy\" width=\"560\" height=\"480\" src=\"https:\/\/www.youtube.com\/embed\/MueLlAuTM9Y\" title=\"YouTube video player\" frameborder=\"0\" allow=\"accelerometer; autoplay; clipboard-write; encrypted-media; gyroscope; picture-in-picture\" allowfullscreen><\/iframe>\t\t\t\t\t\t<\/div>\n\t\t\t\t<\/div>\n\t\t\t\t<div class=\"elementor-element elementor-element-df0c392 elementor-widget elementor-widget-text-editor\" data-id=\"df0c392\" data-element_type=\"widget\" data-widget_type=\"text-editor.default\">\n\t\t\t\t<div class=\"elementor-widget-container\">\n\t\t\t\t\t\t\t<iframe loading=\"lazy\" width=\"560\" height=\"480\" src=\"https:\/\/www.youtube.com\/embed\/D5yght_OTCw\" title=\"YouTube video player\" frameborder=\"0\" allow=\"accelerometer; autoplay; clipboard-write; encrypted-media; gyroscope; picture-in-picture\" allowfullscreen><\/iframe>\t\t\t\t\t\t<\/div>\n\t\t\t\t<\/div>\n\t\t\t\t<div class=\"elementor-element elementor-element-9efb5d3 elementor-widget elementor-widget-text-editor\" data-id=\"9efb5d3\" data-element_type=\"widget\" data-widget_type=\"text-editor.default\">\n\t\t\t\t<div class=\"elementor-widget-container\">\n\t\t\t\t\t\t\t<iframe loading=\"lazy\" width=\"560\" height=\"480\" src=\"https:\/\/www.youtube-nocookie.com\/embed\/jgPs5I92KU4\" title=\"YouTube video player\" frameborder=\"0\" allow=\"accelerometer; autoplay; clipboard-write; encrypted-media; gyroscope; picture-in-picture\" allowfullscreen><\/iframe>\t\t\t\t\t\t<\/div>\n\t\t\t\t<\/div>\n\t\t\t\t<div class=\"elementor-element elementor-element-cbb1567 elementor-widget elementor-widget-text-editor\" data-id=\"cbb1567\" data-element_type=\"widget\" data-widget_type=\"text-editor.default\">\n\t\t\t\t<div class=\"elementor-widget-container\">\n\t\t\t\t\t\t\t<iframe loading=\"lazy\" width=\"560\" height=\"480\" src=\"https:\/\/www.youtube-nocookie.com\/embed\/i1oj10AE1w8\" title=\"YouTube video player\" frameborder=\"0\" allow=\"accelerometer; autoplay; clipboard-write; encrypted-media; gyroscope; picture-in-picture\" allowfullscreen><\/iframe>\t\t\t\t\t\t<\/div>\n\t\t\t\t<\/div>\n\t\t\t\t<div class=\"elementor-element elementor-element-c057ac3 elementor-widget elementor-widget-text-editor\" data-id=\"c057ac3\" data-element_type=\"widget\" data-widget_type=\"text-editor.default\">\n\t\t\t\t<div class=\"elementor-widget-container\">\n\t\t\t\t\t\t\t<iframe loading=\"lazy\" width=\"560\" height=\"480\" src=\"https:\/\/www.youtube-nocookie.com\/embed\/Ely7eiUvD-c\" title=\"YouTube video player\" frameborder=\"0\" allow=\"accelerometer; autoplay; clipboard-write; encrypted-media; gyroscope; picture-in-picture\" allowfullscreen><\/iframe>\t\t\t\t\t\t<\/div>\n\t\t\t\t<\/div>\n\t\t\t\t<div class=\"elementor-element elementor-element-a98ab90 elementor-widget elementor-widget-text-editor\" data-id=\"a98ab90\" data-element_type=\"widget\" data-widget_type=\"text-editor.default\">\n\t\t\t\t<div class=\"elementor-widget-container\">\n\t\t\t\t\t\t\t<iframe loading=\"lazy\" width=\"560\" height=\"480\" src=\"https:\/\/www.youtube-nocookie.com\/embed\/wcmwBVwqaMA\" title=\"YouTube video player\" frameborder=\"0\" allow=\"accelerometer; autoplay; clipboard-write; encrypted-media; gyroscope; picture-in-picture\" allowfullscreen><\/iframe>\t\t\t\t\t\t<\/div>\n\t\t\t\t<\/div>\n\t\t\t\t<div class=\"elementor-element elementor-element-94940e0 elementor-widget elementor-widget-spacer\" data-id=\"94940e0\" data-element_type=\"widget\" data-widget_type=\"spacer.default\">\n\t\t\t\t<div class=\"elementor-widget-container\">\n\t\t\t\t\t<div class=\"elementor-spacer\">\n\t\t\t<div class=\"elementor-spacer-inner\"><\/div>\n\t\t<\/div>\n\t\t\t\t<\/div>\n\t\t\t\t<\/div>\n\t\t\t\t\t<\/div>\n\t\t<\/div>\n\t\t\t\t\t\t\t<\/div>\n\t\t<\/section>\n\t\t\t\t\t\t\t<\/div>\n\t\t","protected":false},"excerpt":{"rendered":"<p>Aktuelle Videos Hier finden Sie eine Auswahl aktueller Videos, mit denen die DSTG Hessen ihre vielf\u00e4ltigen gewerkschaftlichen, gewerkschaftspolitischen und gesellschaftlichen Aktivit\u00e4ten dokumentiert. Viel Spa\u00df beim Anschauen! https:\/\/www.youtube.com\/watch?v=PM6CXNuvRPU Warnstreik im \u00f6ffentlichen Dienst in Hessen<\/p>\n","protected":false},"author":5,"featured_media":0,"parent":0,"menu_order":0,"comment_status":"closed","ping_status":"closed","template":"fullwidth.php","meta":[],"blog_post_layout_featured_media_urls":{"thumbnail":"","full":""},"categories_names":null,"comments_number":"0","_links":{"self":[{"href":"https:\/\/dstg-hessen.de\/cms\/index.php?rest_route=\/wp\/v2\/pages\/4735"}],"collection":[{"href":"https:\/\/dstg-hessen.de\/cms\/index.php?rest_route=\/wp\/v2\/pages"}],"about":[{"href":"https:\/\/dstg-hessen.de\/cms\/index.php?rest_route=\/wp\/v2\/types\/page"}],"author":[{"embeddable":true,"href":"https:\/\/dstg-hessen.de\/cms\/index.php?rest_route=\/wp\/v2\/users\/5"}],"replies":[{"embeddable":true,"href":"https:\/\/dstg-hessen.de\/cms\/index.php?rest_route=%2Fwp%2Fv2%2Fcomments&post=4735"}],"version-history":[{"count":39,"href":"https:\/\/dstg-hessen.de\/cms\/index.php?rest_route=\/wp\/v2\/pages\/4735\/revisions"}],"predecessor-version":[{"id":8293,"href":"https:\/\/dstg-hessen.de\/cms\/index.php?rest_route=\/wp\/v2\/pages\/4735\/revisions\/8293"}],"wp:attachment":[{"href":"https:\/\/dstg-hessen.de\/cms\/index.php?rest_route=%2Fwp%2Fv2%2Fmedia&parent=4735"}],"curies":[{"name":"wp","href":"https:\/\/api.w.org\/{rel}","templated":true}]}}